1013.
71, 113, 131
What are the prime factors of 21040?
2, 5, 263
What are the prime factors of 710670?
2, 3, 5, 23689
What are the prime factors of 18084?
2, 3, 11, 137
What are the prime factors of 235018?
2, 7, 16787
List the prime factors of 36245617.
36245617
What are the prime factors of 68947?
68947
List the prime factors of 3036693.
3, 11, 17, 5413
List the prime factors of 1372960.
2, 5, 8581
What are the prime factors of 109887?
3, 36629
List the prime factors of 2717582.
2, 7, 194113
What are the prime factors of 97685?
5, 7, 2791
What are the prime factors of 289014?
2, 3, 11, 29, 151
What are the prime factors of 2892202?
2, 479, 3019
List the prime factors of 6091059.
3, 13, 47, 3323
List the prime factors of 209820.
2, 3, 5, 13, 269
List the prime factors of 192158.
2, 96079
What are the prime factors of 197827?
7, 59, 479
What are the prime factors of 29633703?
3, 11, 17, 101, 523
List the prime factors of 608613.
3, 37, 5483
List the prime factors of 971981.
971981
List the prime factors of 1645170.
2, 3, 5, 29, 31, 61
List the prime factors of 1003054.
2, 13, 173, 223
What are the prime factors of 5646050?
2, 5, 112921
List the prime factors of 20305.
5, 31, 131
List the prime factors of 149796.
2, 3, 19, 73
List the prime factors of 13631.
43, 317
What are the prime factors of 16683849?
3, 7, 13, 1567
List the prime factors of 6120012.
2, 3, 223, 2287
List the prime factors of 1230552.
2, 3, 211
List the prime factors of 439567.
439567
What are the prime factors of 287606?
2, 11, 17, 769
List the prime factors of 16668.
2, 3, 463
List the prime factors of 36975931.
283, 130657
What are the prime factors of 641757?
3, 213919
What are the prime factors of 296986?
2, 163, 911
List the prime factors of 149467.
137, 1091
List the prime factors of 6796484.
2, 1171, 1451
What are the prime factors of 1424939?
1424939
What are the prime factors of 96192?
2, 3, 167
List the prime factors of 9809068.
2, 17, 67, 2153
What are the prime factors of 28349037?
3, 29, 47, 2311
What are the prime factors of 1157193?
3, 42859
What are the prime factors of 41005?
5, 59, 139
What are the prime factors of 77886?
2, 3, 4327
What are the prime factors of 419214?
2, 3, 109, 641
What are the prime factors of 1968466?
2, 157, 6269
What are the prime factors of 51519?
3, 13, 1321
What are the prime factors of 961325?
5, 38453
List the prime factors of 5012572.
2, 97, 12919
What are the prime factors of 14540154?
2, 3, 2423359
List the prime factors of 6130691.
7, 97, 9029
What are the prime factors of 377552?
2, 7, 3371
What are the prime factors of 12772842?
2, 3, 113, 18839
List the prime factors of 15339209.
15339209
What are the prime factors of 9397240?
2, 5, 234931
List the prime factors of 1032598.
2, 7, 73757
What are the prime factors of 846722?
2, 23, 79, 233
List the prime factors of 7891775.
5, 315671
List the prime factors of 124989.
3, 61, 683
List the prime factors of 13727059.
13727059
List the prime factors of 645320.
2, 5, 13, 17, 73
List the prime factors of 18134606.
2, 7, 211, 877
What are the prime factors of 13732052?
2, 67, 51239
List the prime factors of 897071.
7, 128153
What are the prime factors of 852349?
41, 20789
List the prime factors of 246087.
3, 37, 739
What are the prime factors of 1809477?
3, 107, 1879
List the prime factors of 3470653.
3470653
What are the prime factors of 221479?
241, 919
List the prime factors of 770859.
3, 97, 883
What are the prime factors of 239618?
2, 119809
List the prime factors of 4333368.
2, 3, 13, 17, 19, 43
What are the prime factors of 601731?
3, 13, 37, 139
What are the prime factors of 1557351?
3, 173039
List the prime factors of 990607.
17, 58271
What are the prime factors of 2585329?
47, 67, 821
List the prime factors of 163385.
5, 41, 797
List the prime factors of 15396545.
5, 23, 5821
What are the prime factors of 804804?
2, 3, 7, 11, 13, 67
What are the prime factors of 5968?
2, 373
What are the prime factors of 1171374?
2, 3, 195229
What are the prime factors of 19014045?
3, 5, 307, 4129
What are the prime factors of 20009256?
2, 3, 833719
What are the prime factors of 162433?
127, 1279
List the prime factors of 1635529.
7, 31, 7537
List the prime factors of 8666233.
139, 62347
What are the prime factors of 255861?
3, 28429
List the prime factors of 105433.
59, 1787
What are the prime factors of 11960487?
3, 7, 11, 523
List the prime factors of 25423109.
17, 1495477
List the prime factors of 440869.
11, 13, 3083
What are the prime factors of 2302831?
1433, 1607
What are the prime factors of 6904636?
2, 1726159
What are the prime factors of 158545?
5, 37, 857
List the prime factors of 20717672.
2, 31, 139, 601
What are the prime factors of 648776?
2, 81097
What are the prime factors of 420931?
7, 60133
What are the prime factors of 844959?
3, 281653
What are the prime factors of 11378?
2, 5689
List the prime factors of 27368.
2, 11, 311
List the prime factors of 837772.
2, 13, 16111
What are the prime factors of 4424793?
3, 37, 39863
What are the prime factors of 5330659?
19, 280561
What are the prime factors of 1195089?
3, 7, 56909
List the prime factors of 123158.
2, 7, 19, 463
List the prime factors of 14507981.
149, 97369
List the prime factors of 85816.
2, 17, 631
List the prime factors of 730186.
2, 331, 1103
List the prime factors of 675859.
675859
What are the prime factors of 584428?
2, 13, 11239
List the prime factors of 4901151.
3, 17, 5653
List the prime factors of 11615564.
2, 653, 4447
What are the prime factors of 4006684?
2, 11, 41, 2221
What are the prime factors of 5322328?
2, 11, 31, 1951
What are the prime factors of 309567?
3, 19, 5431
What are the prime factors of 236170?
2, 5, 11, 19, 113
List the prime factors of 811506.
2, 3, 211, 641
List the prime factors of 581329.
7, 83047
What are the prime factors of 15562710?
2, 3, 5, 19, 479
List the prime factors of 1185998.
2, 11, 31, 37, 47
List the prime factors of 1051990.
2, 5, 105199
What are the prime factors of 19409393?
17, 19, 60091
List the prime factors of 2302432.
2, 11, 31, 211
What are the prime factors of 12895646?
2, 367, 17569
What are the prime factors of 2890120?
2, 5, 72253
List the prime factors of 639788.
2, 307, 521
What are the prime factors of 50636?
2, 12659
What are the prime factors of 2905033?
2905033
What are the prime factors of 7395357?
3, 17, 145007
What are the prime factors of 43124944?
2, 47, 57347
What are the prime factors of 586545?
3, 5, 39103
What are the prime factors of 1086469?
1086469
List the prime factors of 34485.
3, 5, 11, 19
List the prime factors of 8192999.
8192999
List the prime factors of 3766910.
2, 5, 7, 53813
List the prime factors of 120662.
2, 60331
List the prime factors of 12914183.
67, 192749
List the prime factors of 5187349.
313, 16573
What are the prime factors of 19502565?
3, 5, 31, 41941
List the prime factors of 4074952.
2, 7, 72767
List the prime factors of 252752.
2, 15797
What are the prime factors of 329181?
3, 179, 613
List the prime factors of 245513.
245513
What are the prime factors of 460798?
2, 13, 37, 479
List the prime factors of 7778863.
53, 317, 463
List the prime factors of 3869022.
2, 3, 644837
List the prime factors of 537388.
2, 37, 3631
What are the prime factors of 17767742?
2, 2161, 4111
What are the prime factors of 214230?
2, 3, 5, 37, 193
List the prime factors of 28376307.
3, 709, 4447
List the prime factors of 1438621.
863, 1667
List the prime factors of 11551739.
73, 158243
What are the prime factors of 1140566?
2, 7, 257, 317
What are the prime factors of 1125723?
3, 17, 22073
List the prime factors of 374230.
2, 5, 37423
What are the prime factors of 1982333?
977, 2029
What are the prime factors of 172710?
2, 3, 5, 19, 101
List the prime factors of 316561.
7, 41, 1103
What are the prime factors of 7543999?
67, 109, 1033
List the prime factors of 6086455.
5, 241, 5051
What are the prime factors of 2964374?
2, 7, 211741
What are the prime factors of 196614?
2, 3, 11, 331
What are the prime factors of 15769076?
2, 23, 171403
List the prime factors of 3783503.
17, 457, 487
What are the prime factors of 960163?
31, 47, 659
List the prime factors of 191772.
2, 3, 7, 761
List the prime factors of 2954092.
2, 738523
W